{"id":259,"date":"2023-10-04T14:58:26","date_gmt":"2023-10-04T14:58:26","guid":{"rendered":"https:\/\/nueva.cbint.org\/?page_id=259"},"modified":"2023-10-12T18:50:15","modified_gmt":"2023-10-12T18:50:15","slug":"devocional","status":"publish","type":"page","link":"https:\/\/nueva.cbint.org\/?page_id=259","title":{"rendered":"DEVOCIONAL"},"content":{"rendered":"\t\t<div data-elementor-type=\"wp-page\" data-elementor-id=\"259\" class=\"elementor elementor-259\">\n\t\t\t\t<div class=\"elementor-element elementor-element-f0f37d7 e-flex e-con-boxed e-con e-parent\" data-id=\"f0f37d7\" data-element_type=\"container\" data-settings=\"{&quot;background_background&quot;:&quot;classic&quot;}\">\n\t\t\t\t\t<div class=\"e-con-inner\">\n\t\t\t\t<div class=\"elementor-element elementor-element-66c7e5e elementor-invisible elementor-widget elementor-widget-image\" data-id=\"66c7e5e\" data-element_type=\"widget\" data-settings=\"{&quot;_animation&quot;:&quot;fadeInUp&quot;}\" data-widget_type=\"image.default\">\n\t\t\t\t<div class=\"elementor-widget-container\">\n\t\t\t\t\t\t\t\t\t\t\t\t\t\t\t<img fetchpriority=\"high\" decoding=\"async\" width=\"800\" height=\"198\" src=\"https:\/\/nueva.cbint.org\/wp-content\/uploads\/2023\/10\/LOGODEVO.png\" class=\"attachment-large size-large wp-image-432\" alt=\"\" srcset=\"https:\/\/nueva.cbint.org\/wp-content\/uploads\/2023\/10\/LOGODEVO.png 803w, https:\/\/nueva.cbint.org\/wp-content\/uploads\/2023\/10\/LOGODEVO-600x149.png 600w, https:\/\/nueva.cbint.org\/wp-content\/uploads\/2023\/10\/LOGODEVO-300x74.png 300w, https:\/\/nueva.cbint.org\/wp-content\/uploads\/2023\/10\/LOGODEVO-768x190.png 768w\" sizes=\"(max-width: 800px) 100vw, 800px\" \/>\t\t\t\t\t\t\t\t\t\t\t\t\t\t\t<\/div>\n\t\t\t\t<\/div>\n\t\t\t\t<div class=\"elementor-element elementor-element-c98b17f elementor-invisible elementor-widget elementor-widget-heading\" data-id=\"c98b17f\" data-element_type=\"widget\" data-settings=\"{&quot;_animation&quot;:&quot;fadeIn&quot;}\" data-widget_type=\"heading.default\">\n\t\t\t\t<div class=\"elementor-widget-container\">\n\t\t\t\t\t<h2 class=\"elementor-heading-title elementor-size-default\">-TIEMPO A SOLAS\nCON DIOS-<\/h2>\t\t\t\t<\/div>\n\t\t\t\t<\/div>\n\t\t\t\t\t<\/div>\n\t\t\t\t<\/div>\n\t\t<div class=\"elementor-element elementor-element-8341f37 e-flex e-con-boxed e-con e-parent\" data-id=\"8341f37\" data-element_type=\"container\" data-settings=\"{&quot;background_background&quot;:&quot;classic&quot;}\">\n\t\t\t\t\t<div class=\"e-con-inner\">\n\t\t\t\t<div class=\"elementor-element elementor-element-08b707f elementor-widget elementor-widget-spacer\" data-id=\"08b707f\" data-element_type=\"widget\" data-widget_type=\"spacer.default\">\n\t\t\t\t<div class=\"elementor-widget-container\">\n\t\t\t\t\t\t\t<div class=\"elementor-spacer\">\n\t\t\t<div class=\"elementor-spacer-inner\"><\/div>\n\t\t<\/div>\n\t\t\t\t\t\t<\/div>\n\t\t\t\t<\/div>\n\t\t\t\t<div class=\"elementor-element elementor-element-460f9cb elementor-invisible elementor-widget elementor-widget-heading\" data-id=\"460f9cb\" data-element_type=\"widget\" data-settings=\"{&quot;_animation&quot;:&quot;fadeInDown&quot;}\" data-widget_type=\"heading.default\">\n\t\t\t\t<div class=\"elementor-widget-container\">\n\t\t\t\t\t<h2 class=\"elementor-heading-title elementor-size-default\">SE\u00d1OR, EN TI CONF\u00cdO<\/h2>\t\t\t\t<\/div>\n\t\t\t\t<\/div>\n\t\t\t\t<div class=\"elementor-element elementor-element-408466d elementor-widget elementor-widget-text-editor\" data-id=\"408466d\" data-element_type=\"widget\" data-widget_type=\"text-editor.default\">\n\t\t\t\t<div class=\"elementor-widget-container\">\n\t\t\t\t\t\t\t\t\t<p style=\"font-weight: 300;\"><span style=\"font-weight: 300;\">Salmo 31:1-8<\/span><\/p><p style=\"font-weight: 300;\"><b><strong><span style=\"font-weight: 300;\">Para el director del coro: salmo de David.<\/span><\/strong><\/b><\/p><p style=\"font-weight: 300;\"><b><strong><span style=\"font-weight: 300;\">31\u00a0<\/span><\/strong><\/b><span style=\"font-weight: 300;\">Oh\u00a0Se\u00f1or, a ti acudo en busca de protecci\u00f3n;<br \/><\/span><span style=\"font-weight: 300;\">\u00a0\u00a0\u00a0\u00a0<\/span><span style=\"font-weight: 300;\">no dejes que me averg\u00fcencen.<br \/><\/span><span style=\"font-weight: 300;\">\u00a0\u00a0\u00a0\u00a0<\/span><span style=\"font-weight: 300;\">S\u00e1lvame, porque t\u00fa haces lo correcto.<br \/><b><strong><sup>2\u00a0<\/sup><\/strong><\/b>Inclina tu o\u00eddo para escucharme;<br \/><\/span><span style=\"font-weight: 300;\">\u00a0\u00a0\u00a0\u00a0<\/span><span style=\"font-weight: 300;\">resc\u00e1tame pronto.<br \/>S\u00e9 mi roca de protecci\u00f3n,<br \/><\/span><span style=\"font-weight: 300;\">\u00a0\u00a0\u00a0\u00a0<\/span><span style=\"font-weight: 300;\">una fortaleza donde estar\u00e9 a salvo.<br \/><b><strong><sup>3\u00a0<\/sup><\/strong><\/b>T\u00fa eres mi roca y mi fortaleza;<br \/><\/span><span style=\"font-weight: 300;\">\u00a0\u00a0\u00a0\u00a0<\/span><span style=\"font-weight: 300;\">por el honor de tu nombre, s\u00e1came de este peligro.<br \/><b><strong><sup>4\u00a0<\/sup><\/strong><\/b>Resc\u00e1tame de la trampa que me tendieron mis enemigos,<br \/><\/span><span style=\"font-weight: 300;\">\u00a0\u00a0\u00a0\u00a0<\/span><span style=\"font-weight: 300;\">porque solo en ti encuentro protecci\u00f3n.<br \/><b><strong><sup>5\u00a0<\/sup><\/strong><\/b>Encomiendo mi esp\u00edritu en tu mano;<br \/><\/span><span style=\"font-weight: 300;\">\u00a0\u00a0\u00a0\u00a0<\/span><span style=\"font-weight: 300;\">resc\u00e1tame,\u00a0Se\u00f1or, porque t\u00fa eres un Dios fiel.<\/span><\/p><p style=\"font-weight: 300;\"><b><strong><sup><span style=\"font-weight: 300;\">6\u00a0<\/span><\/sup><\/strong><\/b><span style=\"font-weight: 300;\">Detesto a los que rinden culto a \u00eddolos in\u00fatiles;<br \/><\/span><span style=\"font-weight: 300;\">\u00a0\u00a0\u00a0\u00a0<\/span><span style=\"font-weight: 300;\">yo conf\u00edo en el\u00a0Se\u00f1or.<br \/><b><strong><sup>7\u00a0<\/sup><\/strong><\/b>Me gozar\u00e9 y me alegrar\u00e9 en tu amor inagotable,<br \/><\/span><span style=\"font-weight: 300;\">\u00a0\u00a0\u00a0\u00a0<\/span><span style=\"font-weight: 300;\">porque has visto mis dificultades<br \/><\/span><span style=\"font-weight: 300;\">\u00a0\u00a0\u00a0\u00a0<\/span><span style=\"font-weight: 300;\">y te preocupas por la angustia de mi alma.<br \/><b><strong><sup>8\u00a0<\/sup><\/strong><\/b>No me entregaste a mis enemigos,<br \/><\/span><span style=\"font-weight: 300;\">\u00a0\u00a0\u00a0\u00a0<\/span><span style=\"font-weight: 300;\">sino que me pusiste en un lugar seguro.<\/span><\/p><p style=\"font-weight: 300;\"><span style=\"font-weight: 300;\">\u00a0<\/span><\/p>\t\t\t\t\t\t\t\t<\/div>\n\t\t\t\t<\/div>\n\t\t\t\t<div class=\"elementor-element elementor-element-67f9eee elementor-widget elementor-widget-video\" data-id=\"67f9eee\" data-element_type=\"widget\" data-settings=\"{&quot;youtube_url&quot;:&quot;https:\\\/\\\/youtu.be\\\/tVzO75zO14Y?si=ROz8YBOeIFuqraaU&quot;,&quot;video_type&quot;:&quot;youtube&quot;}\" data-widget_type=\"video.default\">\n\t\t\t\t<div class=\"elementor-widget-container\">\n\t\t\t\t\t\t\t<div class=\"elementor-wrapper elementor-open-inline\">\n\t\t\t<div class=\"elementor-video\"><\/div>\t\t<\/div>\n\t\t\t\t\t\t<\/div>\n\t\t\t\t<\/div>\n\t\t\t\t<div class=\"elementor-element elementor-element-d056eaf elementor-widget elementor-widget-text-editor\" data-id=\"d056eaf\" data-element_type=\"widget\" data-widget_type=\"text-editor.default\">\n\t\t\t\t<div class=\"elementor-widget-container\">\n\t\t\t\t\t\t\t\t\t<p style=\"font-weight: 300;\"><strong>Estimado lector:<\/strong><\/p><p style=\"font-weight: 300;\"><span style=\"font-weight: 300;\">\u00a0<\/span><\/p><p style=\"font-weight: 300;\"><span style=\"font-weight: 300;\">Este salmo de David comienza de una manera similar a muchos de sus otros salmos, con una declaraci\u00f3n de confianza en Dios, en un tiempo de angustia.<\/span><\/p><p style=\"font-weight: 300;\"><span style=\"font-weight: 300;\">\u00a0<\/span><\/p><p style=\"font-weight: 300;\"><span style=\"font-weight: 300;\">La audaz declaraci\u00f3n de confianza de David demostraba que no se avergonzaba de invocar al Se\u00f1or, pidi\u00e9ndole que le respondiera, y que no permitiera que Su siervo fuera confundido ante sus enemigos y adversarios; porque \u00e9l quer\u00eda seguir honrando Su Nombre.<\/span><\/p><p style=\"font-weight: 300;\"><span style=\"font-weight: 300;\">\u00a0<\/span><\/p><p style=\"font-weight: 300;\"><span style=\"font-weight: 300;\">\u00c9l sab\u00eda que sus enemigos quer\u00edan atraparlo y destruirlo; pero tambi\u00e9n sab\u00eda qu\u00e9 Dios podr\u00eda rescatarlo, incluso de enemigos inteligentes y decididos. \u00c9l sent\u00eda que, le pertenec\u00eda a Dios, y que le deb\u00eda lealtad y servicio; porque \u00c9l es un Dios de Verdad, que lo hab\u00eda redimido.<\/span><\/p><p style=\"font-weight: 300;\"><span style=\"font-weight: 300;\">\u00a0<\/span><\/p><p style=\"font-weight: 300;\"><span style=\"font-weight: 300;\">Es importante entregarle a Dios todas las circunstancias, confiar en su Justicia Divina y en su Verdad.<\/span><\/p><p style=\"font-weight: 300;\"><span style=\"font-weight: 300;\">\u00a0<\/span><\/p><p style=\"font-weight: 300;\"><span style=\"font-weight: 300;\">\u00bfQu\u00e9 te dice Dios en este d\u00eda?<\/span><\/p><p style=\"font-weight: 300;\"><span style=\"font-weight: 300;\">\u00bfC\u00f3mo lo vas a aplicar hoy?<\/span><\/p><p style=\"font-weight: 300;\"><span style=\"font-weight: 300;\">\u00bfEn qu\u00e9 \u00e1rea espec\u00edfica de tu vida?<\/span><\/p><p style=\"font-weight: 300;\"><span style=\"font-weight: 300;\">Emocional _ Familiar _ Espiritual _ Financiera _ Otro _<\/span><\/p>\t\t\t\t\t\t\t\t<\/div>\n\t\t\t\t<\/div>\n\t\t\t\t<div class=\"elementor-element elementor-element-4ec7b6c elementor-widget elementor-widget-spacer\" data-id=\"4ec7b6c\" data-element_type=\"widget\" data-widget_type=\"spacer.default\">\n\t\t\t\t<div class=\"elementor-widget-container\">\n\t\t\t\t\t\t\t<div class=\"elementor-spacer\">\n\t\t\t<div class=\"elementor-spacer-inner\"><\/div>\n\t\t<\/div>\n\t\t\t\t\t\t<\/div>\n\t\t\t\t<\/div>\n\t\t\t\t<div class=\"elementor-element elementor-element-ac1aded elementor-widget elementor-widget-heading\" data-id=\"ac1aded\" data-element_type=\"widget\" data-widget_type=\"heading.default\">\n\t\t\t\t<div class=\"elementor-widget-container\">\n\t\t\t\t\t<h6 class=\"elementor-heading-title elementor-size-default\">Compartir<\/h6>\t\t\t\t<\/div>\n\t\t\t\t<\/div>\n\t\t\t\t<div class=\"elementor-element elementor-element-d1224e0 elementor-widget elementor-widget-share-buttons\" data-id=\"d1224e0\" data-element_type=\"widget\" data-widget_type=\"share-buttons.default\">\n\t\t\t\t<div class=\"elementor-widget-container\">\n\t\t\t\t\t \t\t\t\t<\/div>\n\t\t\t\t<\/div>\n\t\t\t\t<div class=\"elementor-element elementor-element-bec894a elementor-widget elementor-widget-spacer\" data-id=\"bec894a\" data-element_type=\"widget\" data-widget_type=\"spacer.default\">\n\t\t\t\t<div class=\"elementor-widget-container\">\n\t\t\t\t\t\t\t<div class=\"elementor-spacer\">\n\t\t\t<div class=\"elementor-spacer-inner\"><\/div>\n\t\t<\/div>\n\t\t\t\t\t\t<\/div>\n\t\t\t\t<\/div>\n\t\t\t\t\t<\/div>\n\t\t\t\t<\/div>\n\t\t<div class=\"elementor-element elementor-element-837a54b e-flex e-con-boxed e-con e-parent\" data-id=\"837a54b\" data-element_type=\"container\" data-settings=\"{&quot;background_background&quot;:&quot;classic&quot;}\">\n\t\t\t\t\t<div class=\"e-con-inner\">\n\t\t\t\t<div class=\"elementor-element elementor-element-a44f919 elementor-align-center elementor-invisible elementor-widget elementor-widget-button\" data-id=\"a44f919\" data-element_type=\"widget\" data-settings=\"{&quot;_animation&quot;:&quot;fadeInDown&quot;}\" data-widget_type=\"button.default\">\n\t\t\t\t<div class=\"elementor-widget-container\">\n\t\t\t\t\t\t\t\t\t<div class=\"elementor-button-wrapper\">\n\t\t\t\t\t<a class=\"elementor-button elementor-size-lg\" role=\"button\">\n\t\t\t\t\t\t<span class=\"elementor-button-content-wrapper\">\n\t\t\t\t\t\t\t\t\t<span class=\"elementor-button-text\">-TIEMPO A SOLAS CON DIOS-<\/span>\n\t\t\t\t\t<\/span>\n\t\t\t\t\t<\/a>\n\t\t\t\t<\/div>\n\t\t\t\t\t\t\t\t<\/div>\n\t\t\t\t<\/div>\n\t\t\t\t\t<\/div>\n\t\t\t\t<\/div>\n\t\t\t\t<\/div>\n\t\t","protected":false},"excerpt":{"rendered":"<p>-TIEMPO A SOLAS CON DIOS- SE\u00d1OR, EN TI CONF\u00cdO Salmo 31:1-8 Para el director del coro: salmo de David. 31\u00a0Oh\u00a0Se\u00f1or, a ti acudo en busca de protecci\u00f3n;\u00a0\u00a0\u00a0\u00a0no dejes que me averg\u00fcencen.\u00a0\u00a0\u00a0\u00a0S\u00e1lvame, porque t\u00fa haces lo correcto.2\u00a0Inclina tu o\u00eddo para escucharme;\u00a0\u00a0\u00a0\u00a0resc\u00e1tame pronto.S\u00e9 mi roca de protecci\u00f3n,\u00a0\u00a0\u00a0\u00a0una fortaleza donde estar\u00e9 a salvo.3\u00a0T\u00fa eres mi roca y mi [&hellip;]<\/p>\n","protected":false},"author":1,"featured_media":0,"parent":0,"menu_order":0,"comment_status":"closed","ping_status":"closed","template":"","meta":{"footnotes":""},"_links":{"self":[{"href":"https:\/\/nueva.cbint.org\/index.php?rest_route=\/wp\/v2\/pages\/259"}],"collection":[{"href":"https:\/\/nueva.cbint.org\/index.php?rest_route=\/wp\/v2\/pages"}],"about":[{"href":"https:\/\/nueva.cbint.org\/index.php?rest_route=\/wp\/v2\/types\/page"}],"author":[{"embeddable":true,"href":"https:\/\/nueva.cbint.org\/index.php?rest_route=\/wp\/v2\/users\/1"}],"replies":[{"embeddable":true,"href":"https:\/\/nueva.cbint.org\/index.php?rest_route=%2Fwp%2Fv2%2Fcomments&post=259"}],"version-history":[{"count":36,"href":"https:\/\/nueva.cbint.org\/index.php?rest_route=\/wp\/v2\/pages\/259\/revisions"}],"predecessor-version":[{"id":1079,"href":"https:\/\/nueva.cbint.org\/index.php?rest_route=\/wp\/v2\/pages\/259\/revisions\/1079"}],"wp:attachment":[{"href":"https:\/\/nueva.cbint.org\/index.php?rest_route=%2Fwp%2Fv2%2Fmedia&parent=259"}],"curies":[{"name":"wp","href":"https:\/\/api.w.org\/{rel}","templated":true}]}}